?
2145
In base 14, what is -15a - 0?
-15a
In base 14, what is a + 1a2?
1ac
In base 12, what is -8b87 + 2?
-8b85
In base 10, what is 0 - -558?
558
In base 12, what is -89 - 3?
-90
In base 14, what is 44 - 4b?
-7
In base 9, what is -31175 - 0?
-31175
In base 11, what is 0 - 971?
-971
In base 12, what is 2b6 - 7?
2ab
In base 5, what is 2300 + 20?
2320
In base 2, what is 0 - -110000010010?
110000010010
In base 13, what is -590 - 6?
-596
In base 5, what is -1011 - -104?
-402
In base 9, what is 3755 + 0?
3755
In base 2, what is -100 + 11111?
11011
In base 13, what is -24 + -40?
-64
In base 7, what is 4 + 11035?
11042
In base 8, what is 11245 - -5?
11252
In base 14, what is -56 - 5c?
-b4
In base 3, what is 11111 - -22?
11210
In base 5, what is -13414 + 11?
-13403
In base 10, what is 341 + 0?
341
In base 16, what is -3 + -708?
-70b
In base 13, what is c5 + -24?
a1
In base 12, what is -25 - 9?
-32
In base 12, what is a + 264?
272
In base 9, what is 5 - 42?
-36
In base 5, what is 343033 - 4?
343024
In base 6, what is 4 - 201?
-153
In base 6, what is -4 + 15001?
14553
In base 12, what is -3 + -71?
-74
In base 8, what is -3222 + 4?
-3216
In base 16, what is d + -b?
2
In base 15, what is -e - -ad?
9e
In base 9, what is -1 - 2171?
-2172
In base 2, what is 11110011100 + -100?
11110011000
In base 2, what is -1 + -101100010?
-101100011
In base 10, what is 21 - -43?
64
In base 9, what is -55667 - -5?
-55662
In base 13, what is -5 + c?
7
In base 12, what is 19 - 9?
10
In base 9, what is -13222 + 4?
-13217
In base 8, what is 0 - 252?
-252
In base 9, what is 37 - 7?
30
In base 11, what is 112 + -4?
109
In base 16, what is -8 - -1a?
12
In base 4, what is -11 + -100?
-111
In base 5, what is -3421 - 0?
-3421
In base 12, what is -273 + -10?
-283
In base 3, what is -12 + 12002?
11220
In base 12, what is -6 - 1?
-7
In base 7, what is -3036 + 2?
-3034
In base 9, what is -14277 - 4?
-14282
In base 2, what is 1000101001 - 0?
1000101001
In base 15, what is -5d - 159?
-1b7
In base 11, what is -2 - -1291?
128a
In base 2, what is 1001 + -1101101100?
-1101100011
In base 9, what is -411 - 6?
-417
In base 7, what is -10 - -42?
32
In base 2, what is 1001111 - -110101?
10000100
In base 13, what is -2 - -2bc1?
2bbc
In base 7, what is -5 + 4336?
4331
In base 10, what is 0 - -3?
3
In base 2, what is 1000 + -110?
10
In base 9, what is -1021 - 2?
-1023
In base 12, what is 15 + -5?
10
In base 15, what is 9 - a?
-1
In base 9, what is 1350 + -1?
1348
In base 4, what is 20 - -10102?
10122
In base 8, what is -4 + 1555?
1551
In base 13, what is -18a + 2?
-188
In base 9, what is 5 + 18?
24
In base 15, what is -3 + -18a?
-18d
In base 13, what is 168 + c?
177
In base 6, what is -1 + 220?
215
In base 14, what is 768 + -3?
765
In base 5, what is 1214 - 4?
1210
In base 3, what is -2 - -1212102?
1212100
In base 5, what is 1140 + 3?
1143
In base 9, what is 0 + 313?
313
In base 15, what is 1 - 28?
-27
In base 4, what is 2 + 202?
210
In base 12, what is 53a4 + -4?
53a0
In base 5, what is 2 - 10244?
-10242
In base 13, what is 14 - -c4?
108
In base 8, what is -2 - -1651?
1647
In base 7, what is 26 + 152?
211
In base 9, what is 15 + -5?
10
In base 7, what is 1620 + -13?
1604
In base 16, what is 1 + 1ba?
1bb
In base 2, what is 1001101100 - -10?
1001101110
In base 4, what is -12 - 20022?
-20100
In base 3, what is 2011211 - -12?
2012000
In base 14, what is -14 - 80?
-94
In base 5, what is -34 - 20312?
-20401
In base 3, what is -2020 + 20?
-2000
In base 12, what is -374 + -3?
-377
In base 11, what is 2 - -146?
148
In base 8, what is -2 + -1655?
-1657
In base 11, what is -53 + 173?
120
In base 16, what is -15 - 2?
-17
In base 16, what is -4 + -84?
-88
In base 13, what is 6 - 69?
-63
In base 15, what is c - -9?
16
In base 10, what is -1 + -54?
-55
In base 14, what is 2 - -cd9?
cdb
In base 2, what is -1100011 + 0?
-1100011
In base 7, what is -20350 + 3?
-20344
In base 5, what is -1 + -12044?
-12100
In base 3, what is 111 - 11210?
-11022
In base 12, what is 91 - -a?
9b
In base 12, what is -3 + -53?
-56
In base 15, what is -85 + -a?
-90
In base 5, what is -31 + -23?
-104
In base 12, what is 68 - -70?
118
In base 13, what is -967 - 2?
-969
In base 12, what is -119b + -1?
-11a0
In base 12, what is -3 + 5?
2
In base 3, what is -1112 - 111?
-2000
In base 10, what is 2 - 4351?
-4349
In base 4, what is -1 - -1001012?
1001011
In base 8, what is 4055 - 3?
4052
In base 7, what is 14443 + 2?
14445
In base 7, what is 535 - -31?
566
In base 4, what is 331002 - 3?
330333
In base 4, what is 101 - -12?
113
In base 3, what is -1 + -1022?
-1100
In base 9, what is 3 - 122?
-118
In base 10, what is -268 - 2?
-270
In base 15, what is -27 - 6c?
-94
In base 15, what is -3 + 23?
20
In base 12, what is 188 - 1?
187
In base 7, what is 24 - -2110?
2134
In base 6, what is -11 + 43?
32
In base 16, what is -f - -38?
29
In base 12, what is -6 + 1168?
1162
In base 16, what is 3 + 2c6?
2c9
In base 5, what is -1 - 20021?
-20022
In base 6, what is 2543 - 13?
2530
In base 5, what is -1 + 1122?
1121
In base 14, what is -3 + 19?
16
In base 10, what is 4 + 36?
40
In base 16, what is -540 + 1?
-53f
In base 2, what is 0 + 1000000111100?
1000000111100
In base 6, what is -5 + -32545?
-32554
In base 10, what is -2 - 6?
-8
In base 8, what is -123 + 1?
-122
In base 3, what is -1002 + 121?
-111
In base 3, what is 1111 - -112?
2000
In base 6, what is -3 - -1453?
1450
In base 13, what is -2 - -1a11?
1a0c
In base 15, what is 50 + -25?
2a
In base 13, what is -2 - -3c3?
3c1
In base 15, what is 3 + -4c?
-49
In base 8, what is -2 + 244?
242
In base 11, what is -7 + 909?
902
In base 11, what is -1 + 194?
193
In base 6, what is 1324 - 153?
1131
In base 13, what is -1 + -248?
-249
In base 6, what is 4 + 532?
540
In base 4, what is 10 - -102?
112
In base 16, what is -7cd + -3?
-7d0
In base 14, what is c - b?
1
In base 15, what is 3e97 + 1?
3e98
In base 12, what is -3 - 5b?
-62
In base 9, what is -238 - 3?
-242
In base 9, what is -8 + 4?
-4
In base 4, what is 0 - -120122?
120122
In base 3, what is -1202 - -2111?
202
In base 2, what is 100 - -1011101?
1100001
In base 6, what is 1 - -121?
122
In base 6, what is -5 - -44?
35
In base 9, what is 8 - -7?
16
In base 14, what is 3 + 1295?
1298
In base 8, what is -1 + -2325?
-2326
In base 6, what is -1 + -412?
-413
In base 5, what is -24 + 4410?
4331
In base 10, what is 15 + 30?
45
In base 15, what is 9 + -3b?
-32
In base 4, what is -3 + 211311?
211302
In base 8, what is -2 - -32?
30
In base 14, what is 15 - 1b1?
-19a
In base 3, what is 1201022 + 120?
1201212
In base 4, what is -2 - 333?
-1001
In base 6, what is -20 - -11?
-5
In base 5, what is -221144 + 3?
-221141
In base 6, what is 3 + -544?
-541
In base 2, what is -100 - 11000?
-11100
In base 16, what is 1d + 170?
18d
In base 9, what is 18 + 108?
127
In base 15, what is 1d6 + 32?
218
In base 10, what is 824 + 0?
824
In base 7, what is 2004 - -2?
2006
In base 9, what is 10 - 35?
-25
In base 12, what is -14093 + -4?
-14097
In base 2, what is -100 + 1010?
110
In base 12, what is -43 - 7?
-4a
In base 12, what is -1 - 349?
-34a
In base 8, what is -1004 + 3?
-1001
In base 13, what is 52 + -b7?
-65
In base 2, what is -1 - 111?
-1000
In base 10, what is 14 + -378?
-364
In base 6, what is 20 + 55?
115
In base 2, what is 111010100011 + 1?
111010100100
In base 12, what is -3 + -12?
-15
In base 11, what is 3a84 + 0?
3a84
In base 4, what is 12 + -11311?
-11233
In base 5, what is 12131 - 10?
12121
In base 16, what is 5 - 3c?
-37
In base 2, what is -100 + 111110110?
111110010
In base 2, what is -111001011 - -101?
-111000110
In base 3, what is 2010202 - -2?
2010211
In base 5, what is -1 - 132?
-133
In base 12, what is 78 + -a?
6a
In base 9, what is -428 + 4?
-424
In base 11, what is -5 + 46?
41
In base 10, what is 16 + 11?
27
In base 2, what is -1011011 - -111101?
-11110
In base 7, what is 116 + -30?
56
In base 10, what is 3 + 25?
28
In base 3, what is 21211 + 11?
21222
In base 6, what is -420252 - -1?
-420251
In base 3, what is -10 - -10222220?
10222210
In base 10, what is -464 - -19?
-445
In base 8, what is -10076 + -3?
-10101
In base 5, what is -20 + -34?
-104
In base 16, what is -17 - -30?
19
In base 15, what is b - -3?
e
In base 7, what is -1 - 1105?
-1106
In base 13, what is 277 - 